1344991 prime?
True
Is 36289636367 a composite number?
False
Is 15082247 a prime number?
False
Is 7297452293 a composite number?
False
Is 1784935903 a composite number?
True
Is 32583124477 a prime number?
False
Is 9869500129 a prime number?
False
Is 491655709 a composite number?
False
Is 3589182083 composite?
False
Is 60231360361 a composite number?
False
Is 12033869429 a prime number?
True
Is 467556101 a composite number?
True
Is 33456812723 composite?
True
Is 277243411 a prime number?
False
Is 934602259 a composite number?
False
Is 1809164581 a prime number?
False
Is 6793596399 a prime number?
False
Is 509572157 prime?
False
Is 1411333109 composite?
True
Is 23565183647 composite?
False
Is 37968888905 a prime number?
False
Is 443188535 composite?
True
Is 58247238443 prime?
True
Is 197434937 prime?
False
Is 34550354759 composite?
False
Is 22620029713 prime?
True
Is 234909089 prime?
True
Is 32186454943 a prime number?
False
Is 156733206821 a prime number?
True
Is 4641918157 composite?
False
Is 18986152849 prime?
True
Is 1367531359 composite?
True
Is 174089593 a prime number?
False
Is 9561166334 a prime number?
False
Is 140309567 composite?
False
Is 82191872713 a composite number?
True
Is 20007713789 prime?
False
Is 486152215 composite?
True
Is 6425268529 a composite number?
False
Is 947817251 composite?
False
Is 1143574843 composite?
True
Is 1321196971 a prime number?
False
Is 806720645 a composite number?
True
Is 28720116619 a composite number?
True
Is 359931647 composite?
False
Is 1529233229 prime?
True
Is 9369628153 prime?
False
Is 27396428627 a composite number?
True
Is 1805481581 a prime number?
True
Is 1296282751 a prime number?
False
Is 3195845813 a composite number?
True
Is 23096700269 a prime number?
True
Is 8226519409 composite?
False
Is 1537098743 composite?
False
Is 3304908293 composite?
True
Is 636481387 a prime number?
True
Is 5618164121 composite?
False
Is 329467067 a composite number?
False
Is 27521258099 a composite number?
False
Is 3592820191 a prime number?
False
Is 32636783297 a composite number?
True
Is 100061551697 composite?
False
Is 14575372753 composite?
False
Is 6954066593 a prime number?
True
Is 3604013683 composite?
True
Is 1066142797 composite?
False
Is 4751957321 a prime number?
False
Is 6026328535 composite?
True
Is 106218417941 a prime number?
False
Is 10791101809 prime?
False
Is 1423899133 prime?
False
Is 1761626291 a prime number?
False
Is 2794503883 a prime number?
True
Is 733624829 a composite number?
True
Is 268223591 composite?
False
Is 19722353773 a composite number?
False
Is 85601420483 a composite number?
False
Is 666243223 a composite number?
False
Is 875090527 a prime number?
True
Is 10091200883 composite?
True
Is 7697072731 a composite number?
False
Is 2825191561 composite?
False
Is 2974909121 a composite number?
False
Is 3608088829 a prime number?
False
Is 23223003917 a composite number?
True
Is 1106846029 prime?
True
Is 59736157091 composite?
True
Is 32974547323 a composite number?
False
Is 6681881177 prime?
True
Is 1482903847 composite?
True
Is 206031227 composite?
False
Is 93354077 a composite number?
False
Is 121889269213 a prime number?
True
Is 498629107 a prime number?
True
Is 163501699 a composite number?
True
Is 31675101695 a composite number?
True
Is 78699769 a composite number?
False
Is 6562318621 a composite number?
True
Is 182278897 a composite number?
False
Is 4090550447 composite?
False
Is 5612956427 a composite number?
True
Is 43069389673 composite?
False
Is 265585827029 a composite number?
False
Is 68953442087 prime?
True
Is 805818341 prime?
True
Is 2956694089 composite?
True
Is 74426957869 a composite number?
True
Is 169923374249 composite?
False
Is 18233472529 a prime number?
True
Is 487832117 a composite number?
False
Is 57530119 prime?
False
Is 141602331363 prime?
False
Is 4669606289 a composite number?
True
Is 72451241 a composite number?
True
Is 81785735621 a composite number?
False
Is 1952472343 a composite number?
False
Is 6341992621 prime?
False
Is 2175987461 composite?
False
Is 322791198935 a prime number?
False
Is 104137217417 composite?
True
Is 199667749 composite?
True
Is 35480764979 a composite number?
True
Is 23790348251 a prime number?
True
Is 102450541 a prime number?
False
Is 45779880959 prime?
False
Is 120463907 a prime number?
True
Is 324739415137 a composite number?
False
Is 58831885993 composite?
False
Is 41957184221 a prime number?
True
Is 16603413917 a composite number?
True
Is 33692349209 prime?
False
Is 6604303093 composite?
False
Is 88099756487 composite?
False
Is 9477310367 composite?
True
Is 108969675583 a prime number?
False
Is 3080693353 a prime number?
True
Is 17835471659 composite?
True
Is 5949577189 a prime number?
True
Is 3430181873 composite?
False
Is 23262629717 prime?
True
Is 9428839747 a prime number?
False
Is 4248075791 prime?
True
Is 14022457687 prime?
False
Is 5380334153 composite?
True
Is 115618901 a composite number?
False
Is 20787973513 a prime number?
False
Is 4301604267 a composite number?
True
Is 1554430847 composite?
False
Is 3085883 composite?
True
Is 58484004913 prime?
True
Is 29111521 a composite number?
True
Is 640265269 a composite number?
True
Is 3093324203 composite?
True
Is 2193061249 composite?
False
Is 3529659187 a prime number?
False
Is 457460407 a composite number?
False
Is 45128077 a composite number?
True
Is 166648400047 a composite number?
False
Is 191218457 a prime number?
False
Is 189317179 a prime number?
True
Is 2296142011 a composite number?
True
Is 95364601985 composite?
True
Is 313057762 a composite number?
True
Is 4295860057 a prime number?
False
Is 3746918239 a prime number?
True
Is 1420664699 a composite number?
False
Is 1171552747 composite?
True
Is 26582211407 a composite number?
False
Is 114547858697 a composite number?
False
Is 2646630169 a composite number?
True
Is 247289041 a prime number?
True
Is 4043998337 prime?
True
Is 1038675139 composite?
False
Is 8426475713 a composite number?
True
Is 1336008211 prime?
True
Is 19951483219 prime?
True
Is 757865879 composite?
True
Is 16595449313 a composite number?
False
Is 405221851 a composite number?
True
Is 5158477847 composite?
True
Is 78844027 prime?
True
Is 681424781 a composite number?
False
Is 1647727117 prime?
False
Is 2558268227 a prime number?
True
Is 11252240551 a composite number?
True
Is 198922589977 composite?
False
Is 1353626507 prime?
True
Is 1407713939 a prime number?
True
Is 2144789873 prime?
False
Is 22624335427 a composite number?
False
Is 4702491715 a prime number?
False
Is 2152490129 prime?
True
Is 2711433451 a prime number?
True
Is 575780657 a composite number?
True
Is 864750443 composite?
False
Is 16815723511 composite?
False
Is 114884171 a composite number?
True
Is 426864583 a prime number?
False
Is 1939291463 prime?
False
Is 807905227 a prime number?
False
Is 698769397 prime?
False
Is 710498069 prime?
True
Is 2143147481 prime?
True
Is 120170669933 prime?
True
Is 363747091 prime?
False
Is 82102396513 composite?
True
Is 55427778295 a composite number?
True
Is 21881773 a composite number?
False
Is 856022351 a prime number?
False
Is 1635224299 a composite number?
True
Is 133634559 composite?
True
Is 8325849121 composite?
False
Is 74828286881 a composite number?
False
Is 13790137597 composite?
True
Is 11409130919 prime?
True
Is 789185723 a prime number?
True
Is 3122424427 a prime number?
False
Is 250112413 composite?
True
Is 1580586509 composite?
True
Is 65241567929 composite?
False
Is 27177615431 a prime number?
False
Is 679425119 composite?
True
Is 6182655313 prime?
False
Is 27869370119 prime?
True
Is 1787459053 a composite number?
True
Is 24535978141 a composite number?
False
Is 229478897 prime?
False
Is 16144460971 prime?
False
Is 276862121 a prime number?
False
Is 44353538599 a prime number?
True
Is 35904461807 a prime number?
False
Is 792013153 a prime number?
False
Is 12756139087 prime?
True
Is 962174285 a composite number?
True
Is 708312529 composite?
False
Is 2608290887 composite?
True
Is 349495933 composite?
False
Is 3811362853 a composite number?
True
Is 8054234113 a composite number?
True
Is 1733725099 a composite number?
False
Is 5344827949 prime?
True
Is 8837208643 a composite number?
False
Is 215562631 prime?
True
Is 56359291